 - 91*u + 16. Let y be q(-41). Calculate the greatest common divisor of 35 and y.
35
Suppose -122*n + 120*n = -2*b - 16, -48 = -4*n - 4*b. Suppose -u + 645 = 2*u - 5*x, u = x + 217. What is the greatest common divisor of u and n?
10
Suppose -5*r + 14 = -2*s - 2*s, -4*r - 3*s + 5 = 0. Suppose -272 = -4*z - 4*i, 6*z - 267 = r*z - 3*i. Calculate the highest common factor of 27 and z.
9
Let q(f) = f - 31. Let r be q(11). Let w(y) = 12*y + 246. Let m be w(r). Calculate the highest common divisor of 22 and m.
2
Let u = -2538 + 2564. What is the greatest common divisor of 1976 and u?
26
Suppose -h = -9*h + 256. Let t = 177 + -93. Let b = 180 - t. Calculate the greatest common factor of h and b.
32
Suppose -28 = -6*o - 10. Suppose -2*w = -5*b - 1563, -6 = o*b + 3. Calculate the highest common divisor of 86 and w.
86
Suppose 12*q = 7*q - 315. Let f be (q/(-14))/(2/(-4)). Let o be (-14004)/(-324) + -2*(-1)/f. Calculate the highest common divisor of 387 and o.
43
Let l = -3634 + 3653. What is the highest common divisor of 19 and l?
19
Let n(g) = 8*g**3 - 9*g**2 - 17*g - 11. Let d be n(7). Calculate the highest common factor of d and 106.
53
Suppose -10*q + 668 = -492. Calculate the highest common factor of 2668 and q.
116
Let a(n) = 171*n - 2501. Let c be a(15). What is the highest common divisor of 1544 and c?
8
Let h be 3/(-6)*-84*(-7)/((-168)/1808). What is the highest common factor of 84 and h?
28
Suppose 0 = 32*d - 211 - 13. Let a be 14/7 + (d - -1). What is the greatest common divisor of 185 and a?
5
Suppose 0*f - 5*f - 328185 = -200*f. What is the highest common divisor of 891 and f?
99
Let r be (-12081)/(-30) - 96/(-320). Calculate the greatest common divisor of r and 143.
13
Let l = 20579 + -19795. Calculate the highest common divisor of 1120 and l.
112
Let n(k) = 9*k + 2. Let r be n(6). Let d = 680 + -475. Let h = -198 + d. Calculate the highest common factor of h and r.
7
Let q = -3280 - -5593. What is the highest common divisor of 9 and q?
9
Let o = 248 + -48. Let a be 1/(1 + (-24)/18). Let f be -3*((-21)/9 - a) + 82. Calculate the highest common divisor of o and f.
40
Suppose 4*u + 4 = 0, -221*t - 2*u = -219*t - 66. What is the greatest common divisor of 22 and t?
2
Let x be (0 - (1 + -4)) + (-48)/(-24). Suppose x*g + 153 = 38. Let d = g + 34. Calculate the highest common divisor of d and 99.
11
Let m = 50 + -39. Let k = -13 + m. Let f be (12/15)/(k/(-150)). What is the highest common factor of 40 and f?
20
Let v(i) = -92*i - 1. Let t be 2*(9/(-6))/1. Let l be v(t). Let y be (-110)/(-165) - ((-4)/(-6))/((-2)/73). Calculate the greatest common divisor of y and l.
25
Let m = -2069 + 2118. Let c be (294/(-9))/(1/(-3)). Calculate the highest common divisor of m and c.
49
Suppose 3*b + 0*x - 514 = -x, -2*x = -3*b + 511. Suppose 2*z + k = 283, 547 = 5*z - k - b. Calculate the greatest common factor of 11 and z.
11
Let x be 23/4 + -1 - 1/(-4). Suppose x*u - 29 = 171. Calculate the greatest common factor of 8 and u.
8
Let a be 1 + ((-7472)/40)/(3/(-45)). Let i = a + -1973. Calculate the highest common divisor of 10 and i.
10
Let x = 10 - 4. Suppose -4*j + 2*t = -10, -2*t + x*t + 20 = -3*j. Suppose 0 = -j*c - 3*c + 270. What is the greatest common divisor of c and 18?
18
Let u be 7/((-42)/135)*2. Let x = -41 - u. Suppose -d = x*f - 44, f - 4*d = d + 32. What is the highest common factor of 24 and f?
12
Suppose -159*o - 27 = -162*o. What is the highest common divisor of 993 and o?
3
Let h(t) = 56*t - 524. Let z be h(10). What is the highest common divisor of z and 738?
18
Let u(g) = 6*g**2 - 9*g + 49. Let z be ((-2)/(-4))/(14/196). Let a be u(z). What is the greatest common divisor of a and 21?
7
Suppose -t = 2, 18*t - 16*t = 5*f - 15734. Calculate the highest common divisor of f and 968.
242
Let z(t) = -4*t**2 + 125*t - 288. Let g be z(28). What is the greatest common factor of g and 2223?
19
Suppose -s - 2*s = 4*u - 261, 0 = -4*u + 4*s + 240. Suppose 6*z + 39 = u. Calculate the highest common factor of 10 and z.
2
Suppose -8*j = 12*j. Suppose j = 4*b - 2*x - 1019 - 989, -2*x = -8. Calculate the highest common factor of b and 12.
12
Let d = 37382 - 20332. What is the greatest common divisor of d and 11?
11
Let y = -39 - 25. Let w = -63 - y. What is the greatest common divisor of 1 and w?
1
Suppose 5*v - 9247 = -2*x, -4*v - x + 3268 + 4129 = 0. Calculate the greatest common factor of v and 129.
43
Let s be 6 + (2 - 48/(-6)). Let a be 5 + 1 + 211 + -1. What is the greatest common divisor of a and s?
8
Let m be (-11 + 7)/((-25)/108600). Calculate the greatest common factor of m and 288.
96
Let k be ((18/(-6))/3)/((-2)/6). Let z be (-24)/(k/3*(8 + -10)). What is the highest common divisor of 18 and z?
6
Let h(w) = 278*w - 386. Let g be h(2). What is the greatest common divisor of g and 3995?
85
Let p(z) = -z**3 + 19*z**2 - 2*z + 33. Let v be p(18). Let j = v + -311. What is the highest common divisor of 640 and j?
10
Let p = 4800 + -4550. Calculate the greatest common divisor of p and 1125.
125
Let w(c) = c**3 + 72*c**2 + 83*c + 963. Let x be w(-71). Let t(a) = 5*a**2 + 5*a - 2. Let k be t(-6). What is the highest common divisor of k and x?
37
Let v = 8643 + -8621. Calculate the highest common factor of v and 3388.
22
Let z be 10/8*-2 - 61/2. Let w be 64/(-352) + (-6243)/z. Calculate the greatest common divisor of w and 126.
63
Let a(l) = l**3 - 12*l**2 - 10*l - 3. Let m be a(13). Let d be (11*m/(-10))/(3/(-15)). Let b = d + 77. Calculate the greatest common factor of b and 110.
55
Let j be 11*(15 - (-8)/8). Suppose -r + 494 = 5*c, 3*c + 3*r - 159 - 135 = 0. Calculate the highest common divisor of c and j.
11
Let k = -45 + 49. Let c be 2/k*6 - -2. Let r = c - -33. What is the greatest common divisor of r and 57?
19
Let c(z) = -12*z + 123. Suppose 0 = d + 7*d - 40. Let r be c(d). Calculate the greatest common divisor of 15 and r.
3
Suppose 67*p + 4*p - 1562 = 0. What is the greatest common factor of 1474 and p?
22
Let v be (6 - 4/(-2)) + -1. Let r(a) be the second derivative of -11*a**3/6 + 205*a**2/2 + a + 10. Let l be r(18). What is the highest common factor of v and l?
7
Suppose 1858 = 5*j + 2*t, 2*j - 672 - 100 = 4*t. Let a = 45 + -11. Calculate the highest common factor of a and j.
34
Let y(p) = -11*p + 22. Let z be y(1). Let l(b) = 14*b - 151. Let f be l(z). What is the greatest common divisor of 27 and f?
3
Let h be (-2)/(-13) - 200480/(-208). Suppose 10*v - h = -164. What is the highest common divisor of 112 and v?
16
Suppose 0 = 40*m - 152 - 328. Suppose -10*n + 150 = -4*n. Let w = 31 - n. Calculate the highest common divisor of m and w.
6
Suppose 0 = -33*a + 637 + 3818. Suppose -20*r + 17*r + a = 0. What is the highest common factor of 36 and r?
9
Let h be (-210)/12*(7 - 9). Let y = 8 + -14. Let p = y - -20. Calculate the greatest common divisor of h and p.
7
Suppose -91 = 3*j - 16*j. Suppose 3*p - 98 = p. What is the highest common divisor of p and j?
7
Suppose 2*v + 2*v - 836 = -t, -2*v + 440 = -5*t. What is the greatest common divisor of v and 500?
10
Suppose -61*t + 12*t + 1173 = 20*t. What is the highest common factor of t and 527?
17
Let w = 208 - 196. Suppose -5*i + 22 = 4*a, i - 2 = -0*i - 2*a. Let o(f) = f**2 - 5*f - 3. Let r be o(i). What is the greatest common divisor of r and w?
3
Suppose 0 = 23*k + 53 - 145. Suppose 108 = k*j + 4*i, -2*i = 2*j - 5*i - 49. What is the greatest common factor of j and 91?
13
Suppose 8*i - 3*x + 103 - 961 = 0, 3*x - 330 = -3*i. Let w(z) = z**3 + 8*z**2. Let g be w(-6). Let a = i - g. What is the greatest common divisor of a and 24?
12
Suppose 0 = 3*k + 5*s - 7*s - 132, -5*s - 77 = -2*k. Let p be (k/4 - 4) + (-33)/22. Calculate the highest common divisor of p and 192.
6
Suppose 30811 + 26709 = 9*y + 14698. Calculate the highest common factor of 78 and y.
78
Suppose 11 = -12*k + 47. Suppose 2*r + 4*m = 1132, m = k*r + 3*m - 1686. Let i be (r/10)/(-2 - -4). Calculate the greatest common factor of i and 98.
14
Suppose 36*v - 565 = 11. What is the greatest common factor of 12 and v?
4
Let v(x) = 2*x**2 - 74*x + 709. Let l be v(23). What is the highest common factor of l and 45?
5
Suppose -80*h + 118 = -282. What is the highest common divisor of 365 and h?
5
Let y = 44238 + -44212. Suppose 4*j - 572 = 2*